at is the hundreds digit of 253662117?
1
What is the tens digit of 12352751?
5
What is the hundred thousands digit of 16918995?
9
What is the hundred millions digit of 4864581086?
8
What is the hundred thousands digit of 613272620?
2
What is the billions digit of 1899816592?
1
What is the hundred thousands digit of 383198933?
1
What is the hundreds digit of 4746468?
4
What is the units digit of 9983054?
4
What is the millions digit of 362121165?
2
What is the ten millions digit of 406823967?
0
What is the thousands digit of 1130311787?
1
What is the millions digit of 1391168852?
1
What is the hundred millions digit of 184563223?
1
What is the hundreds digit of 35929479?
4
What is the billions digit of 2001558807?
2
What is the ten millions digit of 2226614993?
2
What is the tens digit of 3885521547?
4
What is the hundred millions digit of 7134939162?
1
What is the ten millions digit of 1640995828?
4
What is the tens digit of 75690926?
2
What is the millions digit of 105539981?
5
What is the units digit of 3480200726?
6
What is the tens digit of 1081782567?
6
What is the hundreds digit of 1818477050?
0
What is the hundreds digit of 1252566211?
2
What is the hundreds digit of 44195803?
8
What is the tens digit of 108125939?
3
What is the ten millions digit of 5433512162?
3
What is the thousands digit of 63145248?
5
What is the tens digit of 784577243?
4
What is the millions digit of 288175591?
8
What is the hundreds digit of 50278634?
6
What is the ten thousands digit of 1758159217?
5
What is the hundreds digit of 100548943?
9
What is the ten thousands digit of 331644568?
4
What is the ten millions digit of 85232188?
8
What is the ten thousands digit of 81854959?
5
What is the hundred thousands digit of 67451799?
4
What is the ten thousands digit of 88623616?
2
What is the tens digit of 465017294?
9
What is the hundred millions digit of 5601263157?
6
What is the hundred millions digit of 1061088349?
0
What is the ten thousands digit of 48360284?
6
What is the tens digit of 5658527?
2
What is the ten thousands digit of 77446589?
4
What is the hundred thousands digit of 31897328?
8
What is the hundreds digit of 1976057947?
9
What is the ten millions digit of 360340002?
6
What is the millions digit of 34927721?
4
What is the millions digit of 241212729?
1
What is the ten thousands digit of 44080050?
8
What is the ten thousands digit of 491607582?
0
What is the tens digit of 18841700?
0
What is the thousands digit of 199179799?
9
What is the ten thousands digit of 88449774?
4
What is the millions digit of 1230532961?
0
What is the ten thousands digit of 549684238?
8
What is the ten millions digit of 6052860737?
5
What is the ten millions digit of 1059404696?
5
What is the thousands digit of 195036329?
6
What is the ten thousands digit of 77920860?
2
What is the units digit of 1856171700?
0
What is the hundred thousands digit of 1295905806?
9
What is the hundreds digit of 45978722?
7
What is the thousands digit of 1340883289?
3
What is the ten millions digit of 609154360?
0
What is the units digit of 3710801754?
4
What is the tens digit of 4909841?
4
What is the hundred millions digit of 243000467?
2
What is the ten thousands digit of 382414770?
1
What is the millions digit of 321565587?
1
What is the units digit of 319825367?
7
What is the ten thousands digit of 39276059?
7
What is the tens digit of 224390363?
6
What is the millions digit of 169204369?
9
What is the ten thousands digit of 39680428?
8
What is the millions digit of 269764390?
9
What is the hundred millions digit of 1107902998?
1
What is the thousands digit of 2631852717?
2
What is the millions digit of 6367532156?
7
What is the ten millions digit of 290846222?
9
What is the millions digit of 2755433758?
5
What is the tens digit of 7847345623?
2
What is the hundreds digit of 14464136?
1
What is the thousands digit of 775376824?
6
What is the ten millions digit of 1113307508?
1
What is the thousands digit of 195281037?
1
What is the millions digit of 12771432?
2
What is the units digit of 82843580?
0
What is the ten millions digit of 1972520341?
7
What is the billions digit of 1428405268?
1
What is the tens digit of 2138028229?
2
What is the millions digit of 213906031?
3
What is the thousands digit of 1219927767?
7
What is the units digit of 87007050?
0
What is the ten thousands digit of 670608842?
0
What is the hundred thousands digit of 180884327?
8
What is the ten millions digit of 2106758623?
0
What is the hundred thousands digit of 428303191?
3
What is the ten millions digit of 61678236?
6
What is the millions digit of 1187154347?
7
What is the millions digit of 179799973?
9
What is the hundred millions digit of 1175886528?
1
What is the ten millions digit of 349079341?
4
What is the ten millions digit of 134986074?
3
What is the tens digit of 11550466?
6
What is the billions digit of 2409767479?
2
What is the ten millions digit of 332520480?
3
What is the tens digit of 2501740975?
7
What is the ten thousands digit of 4712287416?
8
What is the tens digit of 420048845?
4
What is the hundreds digit of 3011309653?
6
What is the hundred thousands digit of 97783881?
7
What is the units digit of 6795326503?
3
What is the millions digit of 4594830?
4
What is the hundred thousands digit of 17154278?
1
What is the ten thousands digit of 184597433?
9
What is the tens digit of 50475034?
3
What is the hundreds digit of 681751477?
4
What is the hundred thousands digit of 27130664?
1
What is the hundred millions digit of 2534709286?
5
What is the hundreds digit of 9780668?
6
What is the ten thousands digit of 71173546?
7
What is the hundred thousands digit of 909520850?
5
What is the ten thousands digit of 2155740161?
4
What is the hundred thousands digit of 3113836317?
8
What is the thousands digit of 148267363?
7
What is the ten millions digit of 192051011?
9
What is the units digit of 242003159?
9
What is the hundred thousands digit of 185474911?
4
What is the ten thousands digit of 391783108?
8
What is the ten thousands digit of 109230152?
3
What is the ten millions digit of 5357987580?
5
What is the hundred millions digit of 1955358690?
9
What is the ten millions digit of 179000549?
7
What is the hundred thousands digit of 377932885?
9
What is the ten thousands digit of 1524261033?
6
What is the hundred millions digit of 3307225183?
3
What is the hundred thousands digit of 18600397?
6
What is the hundreds digit of 523086377?
3
What is the millions digit of 2267751200?
7
What is the billions digit of 1724299707?
1
What is the ten millions digit of 6146614675?
4
What is the units digit of 601942699?
9
What is the tens digit of 99814736?
3
What is the units digit of 40856072?
2
What is the ten millions digit of 2997014743?
9
What is the tens digit of 37243021?
2
What is the ten millions digit of 503447318?
0
What is the ten thousands digit of 108977143?
7
What is the hundred millions digit of 2184175250?
1
What is the tens digit of 179432050?
5
What is the thousands digit of 2379679166?
9
What is the ten thousands digit of 621358578?
5
What is the hundred millions digit of 706020440?
7
What is the thousands digit of 4104852?
4
What is the ten millions digit of 115354917?
1
What is the tens digit of 59056587?
8
What is the tens digit of 28643119?
1
What is the millions digit of 940892025?
0
What is the tens digit of 117425622?
2
What is the hundreds digit of 54931408?
4
What is the thousands digit of 1431198659?
8
What is the units digit of 24906164?
4
What is the ten millions digit of 30293151?
3
What is the thousands digit of 3824872?
4
What is the hundred millions digit of 238942619?
2
What is the hundred thousands digit of 893115230?
1
What is the ten thousands digit of 319779638?
7
What is the hundred thousands digit of 1907598?
9
What is the hundred thousands digit of 295456330?
4
What is the units digit of 18962201?
1
What is the hundreds digit of 15820814?
8
What is the millions digit of 52177904?
2
What is the ten thousands digit of 229474585?
7
What is the millions digit of 30475553?
0
What is the tens digit of 2148282411?
1
What is the billions digit of 1377545064?
1
What is the millions digit of 507291778?
7
What is the ten millions digit of 47539807?
4
What is the units digit